d = 1 + 2. Suppose -d*v = 5*p - 237, 3*p - 56 = -v + 87. Suppose 5*s + 0*a = 4*a + 60, -4*s = -2*a - p. What is the units digit of s?
2
Suppose 4*n + 4*i = 2*n + 10, -5*n + 90 = -3*i. What is the tens digit of n?
1
Suppose -2*g + 119 = -313. What is the hundreds digit of g?
2
Let s = 50 + 111. What is the tens digit of s?
6
Suppose -2*s = f - 0*f - 8, 0 = -3*s + f + 2. Suppose 5*v = m - 34, -m = 2*v + 4*m + 19. What is the units digit of v*(-1 - (s - 2))?
7
Suppose -v = 16 - 33. What is the tens digit of v?
1
Suppose z = 6*z - 85. What is the units digit of z?
7
Suppose 5*y + 107 = -3*g - 27, -6 = -3*y. Let z = g + 73. What is the tens digit of z?
2
What is the tens digit of -3*22*1/(-3)?
2
Let c(o) = -9*o**3 - 17*o**2 + 5*o - 5. Let l(s) = 4*s**3 + 9*s**2 - 2*s + 3. Let a(m) = -3*c(m) - 7*l(m). What is the units digit of a(-12)?
6
Let i(m) be the second derivative of 3*m**3/2 - m**2 + 2*m. Let j be i(2). Let f = j + -9. What is the units digit of f?
7
Let p = 84 - -45. Suppose -2*n - 3*n - l = -p, -l = -4*n + 96. What is the tens digit of n?
2
Let z = 1 + 4. Suppose -3*t = -z*t + 10. Suppose 6 = t*w + 1. What is the units digit of w?
1
Suppose 3*z - 4*l - 6 = -l, -5*z + 2*l - 2 = 0. Let j(o) = 6*o**2 + 4*o + 3. What is the tens digit of j(z)?
1
Let c be 0 - 5*(0 + -1). Suppose -4*n = -c - 7. Suppose 5*m = r, r - 2 = n*m - 0*r. What is the units digit of m?
1
Let f(a) = 3*a**2 - 11*a - 45. What is the tens digit of f(-7)?
7
Let z(k) = 4*k**2 + 10*k - 2. Let o(t) = -9*t**2 - 21*t + 5. Let m(f) = -3*o(f) - 7*z(f). Let n be m(-9). Let s = -13 - n. What is the units digit of s?
6
Let o be 4/8*4 - -12. Suppose 2*d = 3*d - o. What is the tens digit of d?
1
Let i = 0 + 5. What is the tens digit of 3/(-1) + i + 11?
1
Let b = 5 - 10. Let r(v) = -4*v + 17. Let z be r(5). Let p = z - b. What is the units digit of p?
2
Suppose y - 9 + 4 = 0. Suppose y*a = 3*a + 12. Let b(i) = i + 1. What is the units digit of b(a)?
7
Let w be -2 + (-6)/(-3) - -30. Suppose -3*i = -w - 15. What is the tens digit of i?
1
Let o(i) = -i**3 + 8*i**2 - 6*i - 5. Suppose 3*y = -0*y - 4*a + 21, -2*y + 4*a + 14 = 0. What is the units digit of o(y)?
2
Suppose 0 = 2*b + 3*f - 36 - 514, -4*f + 1368 = 5*b. What is the units digit of b?
2
Let w = 2 + -7. Let b = -1 - w. Suppose -2*c = c, 0 = -5*h - b*c + 50. What is the units digit of h?
0
What is the units digit of 291 + 4/(-8)*2?
0
Suppose 3*l + g - 24 = 0, -4*l + g = 4*g - 27. Suppose -3*m - l + 30 = 0. What is the units digit of m?
7
Suppose -3*b + 3*d = 5*d - 28, -36 = -4*b - 3*d. What is the tens digit of b?
1
Suppose x - 14 = 3*c, 2*c = 4*x - 3*c - 28. Suppose -4*t + 3*r + 18 = 0, -4 = -x*t + 2*r + 2*r. What is the tens digit of -8*t*(-1)/4?
1
Let p(i) = 10*i**2 + 15*i - 18. What is the units digit of p(5)?
7
Let x(i) = i**2 - 6*i + 2. Let m be x(7). Let o(p) = 2*p - 12. What is the units digit of o(m)?
6
Let t(f) = -14*f + 364. What is the units digit of t(0)?
4
Let w be -9 + 2*(-2)/(-4). Let b(h) = 8*h - 32. Let t(a) = -3*a + 11. Let r(v) = 4*b(v) + 11*t(v). What is the units digit of r(w)?
1
Suppose 153 = 2*q - 93. What is the units digit of q?
3
Suppose 0 = l - 4*l. Suppose f + l = 3*v - 4, v = -f + 4. What is the units digit of v?
2
Let n be (-1 + 1)*1/2. Suppose -4*w + 12 = -n. Let k = w - 0. What is the units digit of k?
3
Suppose 5*m - 19 = 2*k - 1, 15 = 4*m - k. Suppose -m = -i - i. Suppose -2*r = y + i*y - 24, 32 = 4*y + 5*r. What is the units digit of y?
8
Let o(i) = -7*i - 8. What is the tens digit of o(-18)?
1
Let c(w) = -w - 2 + 0 + 10*w**3 - w**2 + 3. What is the units digit of c(1)?
9
Let o be 1 + -1 + (0 - -8). Let t(q) be the first derivative of q**2/2 - 7*q - 3. What is the units digit of t(o)?
1
Let p be (14 - 5)/(6/(-16)). What is the units digit of (-800)/p + 2/3?
4
Let s be (11/(-2))/((-1)/2). Suppose 0 = 5*z + s - 46. Suppose -3*r - 2 = o, -3 - z = -2*o + r. What is the units digit of o?
4
What is the hundreds digit of (-3)/1 - (-200 - (5 + -3))?
1
Suppose 2 - 10 = -2*x. What is the units digit of x?
4
Let a(n) = -n**2 - n + 64. Let l be a(0). Suppose 2*o + 4 = l. What is the units digit of o?
0
Suppose 0 = 2*x - x - 19. What is the units digit of x?
9
Let y = -20 + 22. What is the units digit of -1 - (0 + y + -10)?
7
Suppose -4*g = -0*g + 4*u - 28, -20 = -3*g - 2*u. What is the units digit of (-2)/4*g*-1?
3
Let f = 113 + -30. What is the units digit of f?
3
Suppose 2*c - 15 = 1. Suppose -4*q + 0*q = c. What is the units digit of 3/(3/q) - -5?
3
Suppose 3*b + b - 160 = 0. Suppose 4*c - d - b = -2*d, 4*c - 5*d - 16 = 0. What is the units digit of c?
9
Let j(k) = 0*k + 3*k**3 + 8 - 2*k**3 + 4*k**2 - 3*k**2 - k. Let q be j(0). Suppose 0 = u - 2 - q. What is the units digit of u?
0
Suppose 4*a - 6*a = 0. Suppose 5*h + p - 2*p - 113 = a, 0 = 3*h - 3*p - 75. What is the units digit of h?
2
What is the tens digit of -1 + 10/8 - 1430/(-40)?
3
Suppose 126 = -6*o + 336. What is the tens digit of o?
3
Let v be (-172)/16 + (-2)/8. Let p = -7 - v. Suppose -2*i - 10 = -4*l, -l + p*l - 4 = 5*i. What is the units digit of i?
1
Let d(g) = -5*g - 5. Let q be d(-11). Suppose 4*y + y - 65 = -4*j, -j = 5*y - q. What is the units digit of y?
9
Let p(b) = b**2 - 10*b + 7. Let l be p(8). Let j = l - -22. What is the units digit of j?
3
Suppose -4*v = -4*z - 12, -v + 5 + 7 = -4*z. Let g(d) = -d + 7. Let h(p) = 1. Let x(j) = g(j) - h(j). What is the units digit of x(v)?
6
Suppose 3*f + 31 = 250. What is the units digit of f?
3
Let j be 2/7 - 78/(-21). Let n = 4 - j. Suppose -2*v - t + 32 = 3*t, -5*t + 25 = n. What is the units digit of v?
6
Let y(n) = -29*n - 14. What is the hundreds digit of y(-8)?
2
Let m = -1 - 3. Let q(a) = a**2 - 5*a - 10. Let z(t) = -t - 1. Let c(v) = q(v) - 6*z(v). What is the units digit of c(m)?
8
Suppose 0 = 3*b + 2*b - 305. What is the tens digit of b?
6
Suppose 0 = 4*n + 3 - 15. Suppose -5*a - 10 = -5*y, -3*y + 5*a = n*a - 1. What is the units digit of y/(-3 + (3 - 1))?
3
Suppose w + 1 = 10. Suppose 5*a - w*a = -20. What is the units digit of a?
5
What is the units digit of -1 - (3 + (-12 - 2))?
0
Suppose 0 = -5*p - 5*c - 5, -7 = -p - 3*c - 0*c. Let w be 6/(-10) + (-3)/p. Suppose w = -4*g + 2 + 2. What is the units digit of g?
1
What is the units digit of (6 + -4 - 0) + 13?
5
What is the units digit of ((-15)/(-30))/((-2)/(-76))?
9
Suppose 2*y - n - 135 = 0, 5*n - 201 = -5*y + 129. What is the units digit of y?
7
Let b(u) = -2*u - 6. Let q be b(-6). Suppose -4*s + 6 = -q. What is the units digit of s?
3
What is the units digit of (-15)/(-20) - 205/(-4)?
2
Suppose -2*g = 2*g, 0 = 3*k - 2*g - 189. Suppose 3*s + 23 = 3*h - 25, 4*h - k = 3*s. What is the units digit of h?
5
Let j(z) be the third derivative of z**5/12 - z**4/4 + 5*z**3/6 + 4*z**2. What is the units digit of j(3)?
2
Let p(n) = n**3 + 5*n**2 - 2*n + 4. What is the units digit of p(-3)?
8
Let z = -152 + 497. What is the tens digit of z?
4
Let n(i) = 2*i**2 - 30*i + 16. What is the tens digit of n(17)?
8
Let q be 30/(-8) - 7/28. What is the units digit of (2 - 36)*(q - -3)?
4
Let f = 1 + -3. Let r = 7 + f. Suppose -20 = -r*k + k. What is the units digit of k?
5
Suppose 0 = 2*d - d - 1, -x - 4*d + 6 = 0. Let w = 10 + -1. Suppose x*p - w = 5. What is the units digit of p?
7
Let o = -24 - -48. Suppose n = -n + o. What is the units digit of n?
2
Let d = -19 - -43. Suppose -2*z = -z - d. Suppose -j + z = 2*i + 3*i, 16 = 3*i + j. What is the units digit of i?
4
Let q be -20 - -7 - (0 + -1). Let k = -7 - q. Suppose -j - 2 + 0 = -b, j - 28 = -k*b. What is the units digit of j?
3
Suppose -4*l - l = 0. Suppose l = r - 6 - 1. What is the units digit of r?
7
Suppose 31 = -9*b + 10*b. What is the tens digit of b?
3
Let y(h) = -15*h + 3. Let d be y(-3). Let z = d + -1. What is the tens digit of z?
4
Suppose -5*o = -o. Let y = o - -5. What is the units digit of y?
5
Suppose -4*c - c + 235 = 0. What is the units digit of c?
7
Suppose y - 1 = 5. Let r(b) = -12 + 7 + 7 + b. What is the units digit of r(y)?
8
Let k(o) be the third derivative of o**6/120 - o**5/12 + o**4/4 - o**3/2 - o**2. What is the units digit of k(4)?
5
Suppose 5*b - 36 = -4*q, 3*q + 2*q = -b + 24. Let d = 46 - 54. What is the units digit of (b - 1) + 8/d?
2
Suppose -12 = -5*l - d - 0*d, 4*